{"id":709,"date":"2018-08-08T10:08:02","date_gmt":"2018-08-08T10:08:02","guid":{"rendered":"https:\/\/gruposergus.com\/?page_id=709"},"modified":"2022-06-02T16:09:59","modified_gmt":"2022-06-02T19:09:59","slug":"televigilancia","status":"publish","type":"page","link":"https:\/\/gruposergus.com\/?page_id=709","title":{"rendered":"Televigilancia"},"content":{"rendered":"<p>[vc_section css=&#8221;.vc_custom_1648053433665{background: #388aff url(https:\/\/gruposergus.com\/wp-content\/uploads\/2022\/03\/MG_0900-1-scaled.jpg?id=1900) !important;background-position: center !important;background-repeat: no-repeat !important;background-size: cover !important;}&#8221; el_class=&#8221;mask&#8221;][vc_row css=&#8221;.vc_custom_1575622061060{padding-top: 120px !important;padding-bottom: 100px !important;}&#8221;][vc_column width=&#8221;7\/12&#8243;][vc_custom_heading text=&#8221;nuestras soluciones&#8221; font_container=&#8221;tag:div|font_size:3rem|text_align:left|color:%23ffffff&#8221; use_theme_fonts=&#8221;yes&#8221; css_animation=&#8221;fadeInUp&#8221; css=&#8221;.vc_custom_1647571714715{margin-left: 3px !important;}&#8221; el_class=&#8221;delay-1 custom-hd&#8221;][vc_empty_space height=&#8221;20px&#8221;][vc_custom_heading text=&#8221;Televigilancia&#8221; font_container=&#8221;tag:h2|font_size:6rem|text_align:left|color:%23ffffff|line_height:0.9&#8243; use_theme_fonts=&#8221;yes&#8221; css_animation=&#8221;fadeInUp&#8221; el_class=&#8221;custom-hd delay-2&#8243;][vc_separator color=&#8221;white&#8221; align=&#8221;align_left&#8221; border_width=&#8221;5&#8243; el_width=&#8221;10&#8243; css_animation=&#8221;fadeInUp&#8221; el_class=&#8221;delay-4&#8243; css=&#8221;.vc_custom_1540432371541{margin-bottom: 50px !important;margin-left: 5px !important;padding-top: 15px !important;}&#8221;][vc_column_text css_animation=&#8221;fadeInUp&#8221; css=&#8221;.vc_custom_1654150641968{margin-left: 3px !important;}&#8221; el_class=&#8221;delay-3&#8243;]<a class=\"button line\" href=\"https:\/\/gruposergus.com\/?page_id=239\">Contactanos hoy<\/a>[\/vc_column_text][\/vc_column][vc_column width=&#8221;5\/12&#8243;][\/vc_column][\/vc_row][\/vc_section][vc_section css_animation=&#8221;none&#8221; css=&#8221;.vc_custom_1575622070492{padding-bottom: 60px !important;}&#8221; el_id=&#8221;overview&#8221;][vc_row][vc_column offset=&#8221;vc_hidden-sm vc_hidden-xs&#8221;][vc_widget_sidebar sidebar_id=&#8221;sidebar-5b8f8fdb9861f&#8221;][\/vc_column][\/vc_row][vc_row][vc_column width=&#8221;1\/6&#8243;][\/vc_column][vc_column width=&#8221;2\/3&#8243;][vc_empty_space height=&#8221;80px&#8221;][vc_custom_heading text=&#8221;M\u00e1s seguridad en su poder&#8221; font_container=&#8221;tag:h6|font_size:10px|text_align:center|color:%23627792&#8243; use_theme_fonts=&#8221;yes&#8221; el_class=&#8221;style1&#8243;][vc_empty_space height=&#8221;6px&#8221;][vc_custom_heading text=&#8221;Grupo Sergus: Soluciones en TI y Televigilancia&#8221; font_container=&#8221;tag:h3|text_align:center&#8221; use_theme_fonts=&#8221;yes&#8221;][vc_empty_space height=&#8221;20px&#8221;][vc_column_text]<\/p>\n<p style=\"text-align: center;\">Mediante tecnolog\u00eda de punta, nuestros operarios logran vigilar las instalaciones de nuestros clientes las 24 horas del d\u00eda. Con esto buscamos prevenir cada una de las situaciones que ponen en peligro a nuestros clientes.<\/p>\n<p>[\/vc_column_text][vc_hoverbox image=&#8221;2189&#8243; primary_title=&#8221;Monitoreo y c\u00e1maras 24\/7&#8243; hover_title=&#8221;Sala de monitoreo 24\/7&#8243; hover_btn_title=&#8221;Contactar con asesor.&#8221; css_animation=&#8221;fadeInUp&#8221; hover_add_button=&#8221;true&#8221;]Operadores y equipos de primer nivel. encargados de disuadir eventos en tiempo real, los 365 d\u00edas del a\u00f1o.<\/p>\n<p>&nbsp;[\/vc_hoverbox][vc_empty_space height=&#8221;60px&#8221;][\/vc_column][vc_column width=&#8221;1\/6&#8243;][\/vc_column][\/vc_row][vc_row][vc_column width=&#8221;1\/4&#8243; offset=&#8221;vc_col-lg-3 vc_col-xs-6&#8243;][vc_empty_space height=&#8221;30px&#8221;][vc_hoverbox image=&#8221;1945&#8243; primary_title=&#8221;Aeroinspecci\u00f3n &#8211; Drone (RPA)&#8221; hover_title=&#8221;Aeroinspeccion RPA&#8221; hover_btn_title=&#8221;Contactar con asesor.&#8221; hover_btn_size=&#8221;xs&#8221; css_animation=&#8221;fadeInUp&#8221; hover_add_button=&#8221;true&#8221;]Vigilamos lugares que puede resultar dif\u00edcil acceder, analizando los puntos d\u00e9biles o materiales peligrosos.[\/vc_hoverbox][\/vc_column][vc_column width=&#8221;1\/4&#8243; offset=&#8221;vc_col-xs-6&#8243;][vc_empty_space height=&#8221;30px&#8221;][vc_hoverbox image=&#8221;1941&#8243; primary_title=&#8221;Alarmas y cercos inteligentes&#8221; hover_title=&#8221;Perimetros y alarmas&#8221; hover_btn_title=&#8221;Contactar con asesor.&#8221; css_animation=&#8221;fadeInUp&#8221; hover_add_button=&#8221;true&#8221;]Alarmas perimetrales de alta tecnolog\u00eda, sensores conectados con central Sergus y Carabineros de Chile Alpha III.[\/vc_hoverbox][\/vc_column][vc_column width=&#8221;1\/4&#8243; offset=&#8221;vc_col-xs-6&#8243;][vc_empty_space height=&#8221;30px&#8221;][vc_hoverbox image=&#8221;1942&#8243; primary_title=&#8221;Control de acceso y registro&#8221; hover_title=&#8221;Control de accesos&#8221; hover_btn_title=&#8221;Contactar con asesor.&#8221; css_animation=&#8221;fadeInUp&#8221; hover_add_button=&#8221;true&#8221; css=&#8221;.vc_custom_1648059915514{margin-top: 0px !important;margin-right: 0px !important;margin-bottom: 0px !important;margin-left: 0px !important;padding-top: 0px !important;padding-right: 0px !important;padding-bottom: 0px !important;padding-left: 0px !important;}&#8221;]Controlar el acceso a tus bodegas, oficinas o salas operacionales mediante sensores biom\u00e9tricos y reconocimiento facial de la m\u00e1s alta tecnolog\u00eda.[\/vc_hoverbox][\/vc_column][vc_column width=&#8221;1\/4&#8243; offset=&#8221;vc_col-xs-6&#8243;][vc_empty_space height=&#8221;30px&#8221;][vc_hoverbox image=&#8221;1944&#8243; primary_title=&#8221;GPS de flotas&#8221; hover_title=&#8221;GPS y control de Flotas&#8221; hover_btn_title=&#8221;Contactar con asesor.&#8221; css_animation=&#8221;fadeInUp&#8221; hover_add_button=&#8221;true&#8221;]Control y gesti\u00f3n de flota\/mercader\u00edas en tiempo real 24\/7 mediante sala de operaciones Sergus o APP m\u00f3vil.[\/vc_hoverbox][\/vc_column][vc_column width=&#8221;1\/4&#8243; offset=&#8221;vc_col-xs-6&#8243;][vc_empty_space height=&#8221;30px&#8221;][\/vc_column][\/vc_row][vc_row][vc_column][vc_empty_space height=&#8221;10px&#8221;][\/vc_column][\/vc_row][\/vc_section][vc_section css_animation=&#8221;fadeInUp&#8221; el_id=&#8221;benefits&#8221; css=&#8221;.vc_custom_1575622086300{padding-top: 80px !important;padding-bottom: 80px !important;}&#8221;][\/vc_section][vc_section css_animation=&#8221;fadeInUp&#8221; el_class=&#8221;mask&#8221; css=&#8221;.vc_custom_1648065339430{background: #3842ff url(https:\/\/gruposergus.com\/wp-content\/uploads\/2022\/03\/artic5_1920.jpg?id=1974) !important;background-position: center !important;background-repeat: no-repeat !important;background-size: cover !important;}&#8221; el_id=&#8221;customers&#8221;][vc_row css=&#8221;.vc_custom_1575622220847{padding-top: 120px !important;padding-bottom: 120px !important;}&#8221; el_class=&#8221;mask&#8221;][vc_column width=&#8221;1\/6&#8243;][\/vc_column][vc_column width=&#8221;2\/3&#8243;][vc_icon type=&#8221;entypo&#8221; icon_entypo=&#8221;entypo-icon entypo-icon-quote&#8221; color=&#8221;custom&#8221; background_style=&#8221;rounded&#8221; background_color=&#8221;white&#8221; align=&#8221;center&#8221; custom_color=&#8221;#0015ff&#8221;][vc_custom_heading text=&#8221;En Grupo Sergus contamos con la m\u00e1s alta tecnolog\u00eda en equipos de seguridad y predictibilidad de delitos, como tambi\u00e9n la mas rigurosa capacitaci\u00f3n a nuestros operadores.&#8221; font_container=&#8221;tag:div|font_size:36px|text_align:center|color:%23ffffff|line_height:1.35em&#8221; use_theme_fonts=&#8221;yes&#8221;][vc_empty_space height=&#8221;30px&#8221;][\/vc_column][vc_column width=&#8221;1\/6&#8243;][\/vc_column][\/vc_row][\/vc_section][vc_row][vc_column][vc_message message_box_color=&#8221;blue&#8221; icon_type=&#8221;linecons&#8221; icon_linecons=&#8221;vc_li vc_li-phone&#8221;]<\/p>\n<p style=\"text-align: center;\">Contacte a su asesor v\u00eda whatsapp.<\/p>\n<p>[\/vc_message][\/vc_column][\/vc_row]<\/p>\n","protected":false},"excerpt":{"rendered":"<p>[vc_section css=&#8221;.vc_custom_1648053433665{background: #388aff url(https:\/\/gruposergus.com\/wp-content\/uploads\/2022\/03\/MG_0900-1-scaled.jpg?id=1900) !important;background-position: center !important;background-repeat: no-repeat !important;background-size: cover !important;}&#8221; el_class=&#8221;mask&#8221;][vc_row css=&#8221;.vc_custom_1575622061060{padding-top: 120px !important;padding-bottom: 100px !important;}&#8221;][vc_column width=&#8221;7\/12&#8243;][vc_custom_heading text=&#8221;nuestras soluciones&#8221; font_container=&#8221;tag:div|font_size:3rem|text_align:left|color:%23ffffff&#8221; use_theme_fonts=&#8221;yes&#8221; css_animation=&#8221;fadeInUp&#8221; css=&#8221;.vc_custom_1647571714715{margin-left: 3px !important;}&#8221; el_class=&#8221;delay-1 custom-hd&#8221;][vc_empty_space height=&#8221;20px&#8221;][vc_custom_heading text=&#8221;Televigilancia&#8221; font_container=&#8221;tag:h2|font_size:6rem|text_align:left|color:%23ffffff|line_height:0.9&#8243; use_theme_fonts=&#8221;yes&#8221; css_animation=&#8221;fadeInUp&#8221; el_class=&#8221;custom-hd delay-2&#8243;][vc_separator color=&#8221;white&#8221; align=&#8221;align_left&#8221; border_width=&#8221;5&#8243; el_width=&#8221;10&#8243; css_animation=&#8221;fadeInUp&#8221; el_class=&#8221;delay-4&#8243; css=&#8221;.vc_custom_1540432371541{margin-bottom: 50px !important;margin-left: 5px !important;padding-top: 15px !important;}&#8221;][vc_column_text css_animation=&#8221;fadeInUp&#8221; css=&#8221;.vc_custom_1654150641968{margin-left: 3px !important;}&#8221; el_class=&#8221;delay-3&#8243;]Contactanos hoy[\/vc_column_text][\/vc_column][vc_column width=&#8221;5\/12&#8243;][\/vc_column][\/vc_row][\/vc_section][vc_section [&hellip;]<\/p>\n","protected":false},"author":1,"featured_media":0,"parent":707,"menu_order":0,"comment_status":"closed","ping_status":"closed","template":"tmpl\/template-fullwidth.php","meta":{"footnotes":""},"class_list":["post-709","page","type-page","status-publish","hentry"],"acf":[],"_links":{"self":[{"href":"https:\/\/gruposergus.com\/index.php?rest_route=\/wp\/v2\/pages\/709","targetHints":{"allow":["GET"]}}],"collection":[{"href":"https:\/\/gruposergus.com\/index.php?rest_route=\/wp\/v2\/pages"}],"about":[{"href":"https:\/\/gruposergus.com\/index.php?rest_route=\/wp\/v2\/types\/page"}],"author":[{"embeddable":true,"href":"https:\/\/gruposergus.com\/index.php?rest_route=\/wp\/v2\/users\/1"}],"replies":[{"embeddable":true,"href":"https:\/\/gruposergus.com\/index.php?rest_route=%2Fwp%2Fv2%2Fcomments&post=709"}],"version-history":[{"count":39,"href":"https:\/\/gruposergus.com\/index.php?rest_route=\/wp\/v2\/pages\/709\/revisions"}],"predecessor-version":[{"id":2190,"href":"https:\/\/gruposergus.com\/index.php?rest_route=\/wp\/v2\/pages\/709\/revisions\/2190"}],"up":[{"embeddable":true,"href":"https:\/\/gruposergus.com\/index.php?rest_route=\/wp\/v2\/pages\/707"}],"wp:attachment":[{"href":"https:\/\/gruposergus.com\/index.php?rest_route=%2Fwp%2Fv2%2Fmedia&parent=709"}],"curies":[{"name":"wp","href":"https:\/\/api.w.org\/{rel}","templated":true}]}}